-1487. Is h a prime number?
False
Let m = -25 - -23. Let l be ((-15)/6)/(m/4). Suppose 2*p - 1417 = -l*q, -2*p + 5*q = -1272 - 115. Is p a composite number?
False
Let k(b) = 164396*b**2 + 55*b - 107. Is k(2) a composite number?
True
Suppose -5*h + 94227 = 3*t - 2*h, -2*h = 5*t - 157051. Is t a composite number?
True
Suppose 10*n - 6 = -26. Let b be (0 + n + 1)*-1 - -750. Let o = b + -194. Is o prime?
True
Suppose 4*w - 2*w - 13*a - 441836 = 0, 2*w - a = 441836. Is w prime?
False
Let y = -321 - 3478. Let d = -1370 - y. Is d a composite number?
True
Suppose 1438327 - 133129 = 18*m. Is m composite?
True
Let o be (4/2)/(16/(-496))*-2. Suppose -5*n = -o - 2136. Let h = n + -61. Is h a composite number?
True
Let t = 46807 - -49836. Is t a prime number?
True
Let j = 277103 - 188170. Is j a prime number?
False
Suppose -18*q = -8*q. Is 5129/((-8 - q) + 9) composite?
True
Let o = 77 - 69. Suppose 0 = -3*a - o + 11. Is -4 + (a - 392*-1) a composite number?
False
Let w(k) = -11650*k + 639. Is w(-50) a prime number?
True
Is (49644 + -6 - -12) + 13 a composite number?
False
Let x(p) = 11*p**3 + 12*p**2 + 8*p - 56. Let r(s) = 4*s**3 + 4*s**2 + 3*s - 19. Let l(i) = 8*r(i) - 3*x(i). Let k = -13 + 6. Is l(k) a prime number?
True
Suppose 8*q = 4*i + 4*q - 8, -3*i = 2*q - 16. Suppose i*f = 3*f - 7. Is (-4 - f) + (295 - 0) prime?
False
Let x(b) = 16448*b + 2277. Is x(14) prime?
True
Let o = 31 - 26. Let r be (6/o)/(14/223055). Suppose -r = -4*u - 5575. Is u a prime number?
False
Let o be (3 - (-971)/(-2) - -5)*2. Is (-1162)/(-7)*4/((-40)/o) prime?
False
Let g = -16 - 4. Let k be 50/14 - g/(-35). Suppose 2*b - k*b = -3*n - 667, 4*b = n + 2668. Is b prime?
False
Let l(c) = 269*c - 18. Let v be l(3). Is -10 + 8 - (v + -2)*-3 composite?
True
Let h be (180/2)/3 + (-2 - -2). Let u = h + -27. Is u + 9/((-9)/(-700)) prime?
False
Let y = 36049 - 21546. Is y prime?
True
Suppose -5*x + h = -2*h + 13758, -3*x - 8250 = 3*h. Let y = x + 4372. Is y a composite number?
False
Let z(b) = -277*b**3 - 3. Let u be z(-2). Suppose -2*o = -p + u, -p - 4438 = -3*p + o. Is p prime?
True
Is ((3/2)/(-3))/((-166)/(-21813977))*-4 a prime number?
True
Suppose 0 = m + 5*n - 276719, 7*n = -2*m + 2*n + 553398. Is m composite?
True
Suppose 24 = 6*n - 2*n + 4*z, 4*z - 21 = -3*n. Suppose 0 = n*g - 11*g + 48. Suppose -217 = -g*l + 281. Is l a prime number?
True
Let o be (0/(-1))/((-8)/4). Suppose o = -2*l + l + 7. Suppose -l*h + 541 = -558. Is h composite?
False
Let m = 111284 + -71323. Is m a composite number?
True
Suppose -2*w + 3*c = -106248, -6*w + 2*w + 212480 = 2*c. Is w composite?
True
Suppose 24306 = 4*z - 3*x, 28*z - 27*z - 4*x = 6083. Suppose -z = -2*g - 1001. Is g prime?
False
Suppose -4*v - 9180 = 4*c, 9183 = -4*c - 5*v - 0*v. Let r = c - -6014. Is r a prime number?
False
Let b(y) = -2*y - 22. Let z be b(-11). Let o be (z - -4)/(1/(-2)). Let n(k) = -k**3 - 4*k**2 + 13*k + 5. Is n(o) prime?
True
Let a be (-203)/(-7) + 20/(-4). Suppose 3*d + 12 = a. Is 3*d*(-1 - (-979)/12) a composite number?
False
Is ((-420)/126)/((-4)/6) - -124524 a prime number?
True
Is -11 + 14 + -9 - -89597 a prime number?
True
Let b = -2134 - 1207. Let c = b - -6060. Is c a prime number?
True
Let p be (9/15)/((-42)/(-140)). Suppose 0 = -5*j - k + 9740, p*j - 5*j = 2*k - 5837. Is j a composite number?
False
Let t(i) = -936*i - 42. Let m be t(-3). Let s = m + 1687. Is s a prime number?
False
Let d = 1434 + -504. Let l = d - -2807. Is l prime?
False
Let i = -21 + 29. Let o(y) = 42*y + 13 + 49*y + i + 30*y. Is o(8) a composite number?
True
Let x = 225979 + -125952. Is x prime?
False
Suppose 45*n = 93*n - 2652432. Is n a prime number?
True
Let o be 3314 + (-13)/(13/(-6)). Let c = o - -5193. Is c composite?
False
Let k(z) = -5658*z - 37. Let r = 151 - 153. Is k(r) a composite number?
False
Suppose 0 = -10*c - 9*c + 76. Suppose 10*t - a - 18351 = 5*t, -4*t + c*a + 14668 = 0. Is t composite?
False
Let n = 100 - 121. Let s = n - -17. Is 1/(s/(-1177 - -5)) a composite number?
False
Let v(n) = -34223*n**3 - 4*n**2 - 33*n - 61. Is v(-2) a prime number?
True
Let k(u) = -10*u - 21. Let g be (((-18)/(-8))/3)/(5/20). Suppose -21 = 2*w + b, g*w - 3*b - 47 = 7*w. Is k(w) a composite number?
False
Let g = 5 - 35. Let u = g - -102. Let i = u + -19. Is i composite?
False
Suppose 0 = n - p - 3, -6*n - 5*p - 7 = -10*n. Is -5564*n/(-16) + -9 composite?
True
Suppose 9276 = -12*j + 166404. Is j prime?
False
Is (10037/(-2))/(((17/2)/(-17))/1) composite?
False
Suppose 232*z - 101708838 = -266*z + 129777996. Is z a prime number?
False
Let l = 1 - 6. Let y(s) = -651*s + 22. Let c be y(l). Let j = -1310 + c. Is j a prime number?
False
Let l(s) = s**3 + 192*s**2 + 779*s - 29. Is l(-141) prime?
False
Suppose 48*s + 52*s = 283059 + 5210041. Is s prime?
False
Suppose 0*p = 7*p - 35. Suppose 10 = -2*l - 3*l - 5*s, -p*l - s = -6. Suppose 0 = l*c + 5*u - 106, -189 = -3*c + u - 13. Is c prime?
False
Suppose 0 = 4*t - 5*p - 397704, -45*t + 44*t = 3*p - 99443. Is t a prime number?
True
Suppose 5 = -3*m + 2. Let c be m/(-1)*0 - -5. Let u(p) = 24*p**2 - 13*p + 6. Is u(c) a composite number?
False
Let h(r) = 140*r**2 + 32*r + 5. Suppose 23*l - 22*l + 6 = 0. Is h(l) prime?
False
Let w(s) = -8984*s - 17. Let h = 477 - 480. Is w(h) composite?
True
Let k(w) = 2*w**2. Let h be k(-1). Suppose 9*x = h*x - 756. Let o = 851 - x. Is o a composite number?
True
Let y(h) = 334905*h**3 - 2*h**2 - 2*h. Is y(1) composite?
True
Suppose 707530 = -48631*i + 48641*i. Is i a prime number?
True
Suppose 0*o - 4*o + 4*u - 316 = 0, 0 = 3*o + 5*u + 213. Let z be (1 + o - -1)/((-6)/114). Suppose 9*r + z = 5609. Is r a prime number?
True
Suppose r = -v + 13248, 0*r - 5*r = 2*v - 66255. Is r a composite number?
True
Let g be ((-380035)/15 + -11)/(4/(-18)). Suppose -19*p - g = -39*p. Is p a prime number?
False
Let h(r) = -67*r**2 - 6*r + 2. Let z be h(-5). Let k = 2136 - z. Is k prime?
True
Let x = 1151 + 18. Suppose 3*o + o + 4*d - 8 = 0, 2*d = -3*o + 9. Suppose -o*m + 9*m = 5*t + 4680, m - t = x. Is m composite?
True
Let v(k) = 31*k**2 - 6*k + 28. Suppose 4 = 5*l - i, 0*i = -4*l - 3*i + 7. Let b(g) = -g**2 + g - 1. Let o(t) = l*v(t) + 3*b(t). Is o(8) a prime number?
False
Let x(i) = -2031*i + 421. Is x(-12) a composite number?
False
Let m(t) = 27757*t + 1625. Is m(18) a prime number?
False
Is ((-58)/6 - 78/18)/((-4)/17146) a prime number?
False
Let l(u) = -14*u**3 + 3*u**2 + 8*u + 10. Let c be l(-4). Suppose -13383 = -5*t + c. Is t a prime number?
True
Is (2 - 63739)*(0 + 14/(-7)) prime?
False
Is 135852/9*1113/28 a prime number?
False
Suppose -3*w = -2*d + 28, 3*d - 56 = -d + 2*w. Is (d/8)/(3/(-12))*-257 a composite number?
True
Let o = 310027 - -29092. Is o a prime number?
False
Suppose -v - 3768 = -4*i + 9*i, -2*v - 3771 = 5*i. Let k be (-6)/(-2) + 0 - 125. Let o = k - i. Is o composite?
False
Let i(a) = 15*a - 7*a**2 - 5*a**2 - 107 + 13*a**2. Is i(-31) prime?
True
Let y(f) be the first derivative of 6 + 1173/2*f**2 + 13*f. Is y(4) a composite number?
True
Let a(b) = -179 + 21 + 23 + 31 - 289*b. Is a(-25) a composite number?
False
Let c = -199 - -205. Suppose -5990 = i - c*i - 5*p, -2*i + 5*p = -2375. Is i a composite number?
True
Let v(q) = -5299*q - 2242. Is v(-5) prime?
False
Let h(k) = 45*k**3 - 17*k**2 - 68*k + 1045. Is h(13) prime?
False
Suppose 5*v - 15 = 5*o, -6*o - v = -3*o + 1. Let d = -2592 - -2658. Let g = d - o. Is g composite?
False
Suppose -17*m + 161122 = 2*i - 19*m, 4*i - 6*m - 322232 = 0. Is i a prime number?
True
Let z = 9997 - -4370. Let l = -7696 + z. Is l a prime number?
False
Let t(p) = -16680*p - 1. Is t(-50) prime?
True
Suppose -3*n - 754900 = -2*p, -n = -14*p + 11*p + 1132371. Is p a composite number?
False
Let b = -10701 + 15459. Let y = 8467 - b. Is y a composite number?
False
Let z(n) = 97*n**2 + 15*n - 105. Is z(10) prime?
False
Let n be (-3)/9 - (-1)/3. Suppose 27 = 3*k + 6*k. Suppose 0*h + k*h = c - 137, n = -2*h + 6. Is c composite?
True
Let r = -53 - -46. Let o be (-2 - (-12)/7)*r*22. Is o/(-10)*(1 + 7/(-2)) a prime number?
True
Suppose 4*y - 3*u - 71 = 37, -5*u - 20 = 0. Suppose -7*o - y = -11*o. Let f(t) = 164*t - 25. Is f(o) prime?
False
Let q(g) be the first derivative of 3*g**2/2 - 10*g + 4. Let y be q(4). Suppose 4*w + 5*a - 37 - 67 = 0, 2*a +